 x. What is the remainder when k is divided by 9?
7
Let h = -99 - -243. Calculate the remainder when h is divided by 30.
24
Let w(g) = 52*g**2 - 20*g + 20. What is the remainder when w(3) is divided by 27?
23
Suppose -2*l + 44 = 2*r, 122 = 3*r + 2*r - l. Let w = -52 + 67. Calculate the remainder when r is divided by w.
9
Suppose -2*c - 20 = -o, 10*o - 5*o = -c + 78. What is the remainder when 46 is divided by o?
14
What is the remainder when -56 - -53 - (-289 + 2 + -2) is divided by 77?
55
Suppose -18*n + 109 + 53 = 0. Calculate the remainder when 92 is divided by n.
2
Suppose 3*q - 28 = 4*c + 13, 5*q - 63 = 4*c. Let d = 72 - 53. Calculate the remainder when d is divided by q.
8
Suppose 2*w = 5*b + 20, 2*b - 1 = 2*w - 3*w. Suppose 0 = 2*m - w*m + 60. What is the remainder when 117 is divided by m?
17
Let p = -981 + 1182. Calculate the remainder when p is divided by 23.
17
Suppose 49 + 167 = 18*x. Calculate the remainder when 22 is divided by x.
10
Let k = -22 + 37. Suppose 5*n + 9*u - 6*u - 235 = 0, -3*n = -u - 155. What is the remainder when n is divided by k?
5
What is the remainder when -119*((-2)/9 - (-14)/(-18)) is divided by 31?
26
Suppose 0 = -3*i - 2*k + 139, -4*i - 2*k + 103 + 83 = 0. Calculate the remainder when i is divided by 6.
5
Let i be 9/6 - (-303)/6. Let d = 29 + i. Suppose 0 = 2*s - 58 + 2. Calculate the remainder when d is divided by s.
25
Let s(n) = n + 2. Let t(u) = 1. Let j(w) = s(w) - 6*t(w). Let b be j(8). Suppose -b*y + 7*y = 195. Calculate the remainder when y is divided by 22.
21
Let f = -4 + 1. What is the remainder when (f + (-7)/(-3))*-24 is divided by ((-7)/(-14))/((-3)/(-36))?
4
Suppose 2*l + 2*z = 0, 9 = l - 6*l - 2*z. Let b be 5 + (-3)/l + -3. Suppose -4*g + b*h + 45 = 16, -3 = -3*h. What is the remainder when g is divided by 4?
0
Suppose 4*q - 19 = 21. Suppose q = -11*n + 6*n. Calculate the remainder when 19 + (-2 - n/(-2)) is divided by 6.
4
Let w = 844 - 778. What is the remainder when 128 is divided by w?
62
Suppose -13*f + 257 = 75. What is the remainder when 178 is divided by f?
10
Let p(h) = h**3 + 13*h**2 - 48*h - 35. What is the remainder when p(-14) is divided by 13?
12
Calculate the remainder when -1 + ((-24)/4 - -96) is divided by 45.
44
Suppose 0 = -8*i + 193 - 81. Calculate the remainder when 132 is divided by i.
6
Suppose -14481 + 4833 = 12*w. Calculate the remainder when ((-4)/6)/(8/w) is divided by 10.
7
Let z(v) = 13*v - 4. Let d be z(-2). Let l = -4 + d. Let i = l + 85. Calculate the remainder when i is divided by 18.
15
Let m be (-36)/(-14) - (-20)/(-35). Suppose 4*j = m*q, 2*j = 4*q + j - 35. What is the remainder when 26 is divided by q?
6
Let j(g) = 10*g**2 - 4*g + 6. What is the remainder when 163 is divided by j(1)?
7
Suppose -4*g + 724 = -4*a, 0*g - 2*a - 181 = -g. What is the remainder when g is divided by 95?
86
Let v(o) = -16*o - 3. Calculate the remainder when v(-3) is divided by (-1)/(-2)*2*6.
3
Let f = -52 - -78. Calculate the remainder when 11/(51/(-27) + 2) is divided by f.
21
Suppose -2*y = -12*y + 30. Calculate the remainder when 5 is divided by y.
2
Let l = 125 + -25. Suppose 110 = 5*t - 145. What is the remainder when l is divided by t?
49
Let a = -7 + 9. Suppose 0 = u - 19 + 15. Suppose 5*n = a*n - 3*c + 21, -10 = -u*n + 2*c. What is the remainder when 14 is divided by n?
2
Let j = 104 - 91. Suppose 0 = 4*o - 225 - 23. What is the remainder when o is divided by j?
10
What is the remainder when (-6*6/(-54))/((-3)/(-180)) is divided by 21?
19
Let b(n) = -8*n - 143. Calculate the remainder when b(-23) is divided by 24.
17
Let n = -762 - -815. What is the remainder when 236 is divided by n?
24
Let b(l) = -l**2 - 4*l - 5. Let z be b(-4). Let g = z + 16. Suppose 0 = -2*m + m + g. What is the remainder when 54 is divided by m?
10
Suppose 3*k + 124 = 4*d + 19, 3*d + 5*k = 115. Calculate the remainder when 118 is divided by d.
28
Suppose 71 = 5*w + 11. Suppose 0 = -4*n + h + 217, 2*n - 67 - 37 = 2*h. Let k = 100 - n. What is the remainder when k is divided by w?
9
Let o = 85 - 42. What is the remainder when o is divided by 11?
10
Let w(r) = 26 + r + r - 3*r + 0*r. Calculate the remainder when w(-21) is divided by 25.
22
Let i = 81 - -19. Suppose -i = -3*q + 2*q - 4*u, 4*q = -5*u + 367. Suppose q = 5*n - 2*r - 1, 3*r + 91 = 5*n. What is the remainder when 33 is divided by n?
16
Suppose s + 5*f + 0 = -1, f = 2*s + 35. Let w = 27 + s. What is the remainder when 30 is divided by w?
8
Suppose 3*n + 2*h = 243, n + h - 67 = 5*h. What is the remainder when n is divided by 20?
19
Suppose 5*l - 2 = -5*m - 17, -3*m + 5*l = -23. Let t(s) = -s - 8*s + 2*s + 1 + m. What is the remainder when t(-4) is divided by 11?
8
Calculate the remainder when ((-50)/150)/((-2)/582) is divided by 31.
4
Let z be 4/(-10) - (-342)/30. Let f = -7 + z. Suppose 9 = n - f. Calculate the remainder when n is divided by 8.
5
Suppose z = h - 3, -4*h + h - 4*z = 26. Let t be 2 + 1*(-18 + h). What is the remainder when 6/t - (-88)/3 is divided by 8?
5
Let h(u) = 44*u - 4. Let x be h(2). Let m(n) = 22*n - 3. Calculate the remainder when m(2) is divided by x/6*(-12)/(-8).
20
Let j be (1 + 0 + 1/(-3))*-3. Let n(x) = 3*x**2 - 2. Calculate the remainder when 26 is divided by n(j).
6
Let i(k) = -2*k**2 - 28*k + 42. What is the remainder when i(-14) is divided by 12?
6
Let x(q) be the first derivative of 15*q**2 - 20*q + 21. Calculate the remainder when x(5) is divided by 44.
42
Let r(w) = 4*w + 4. Let p(t) = -t**3 - 30*t**2 + 17. Let b be p(-30). Let f = -13 + 28. What is the remainder when r(b) is divided by f?
12
Let q(u) = u**2 + 26*u + 44. What is the remainder when q(10) is divided by 17?
13
Let r = 1106 - 524. Calculate the remainder when r is divided by 65.
62
Let d(i) = i**2 + 26*i - 70. What is the remainder when 296 is divided by d(-29)?
7
Let v be (-150)/(-135) + (-1)/9. Suppose -i - v = -2*j - 11, -j + 4 = 4*i. What is the remainder when i is divided by 2?
0
Let r(x) be the first derivative of -9*x**4/4 + x**3/3 - x**2/2 + x + 1. Let c be 21/42*(0 - 4). What is the remainder when r(c) is divided by 41?
38
Let s = -24 - -34. Let t = s - 5. What is the remainder when 7 is divided by t?
2
Let x(m) = m**3 + 8*m**2 + 6*m - 7. Suppose -5*t + 3*a = -2*a + 5, -3*t + 1 = -4*a. Calculate the remainder when x(t) is divided by (-2)/5 - (-102)/5.
18
Suppose 7*x - 12 - 240 = 0. Calculate the remainder when x is divided by 24.
12
Suppose 4*r = r + 9. Suppose 0*b - 42 = -r*b. Calculate the remainder when b is divided by (-76)/(-8) - 6/4.
6
Suppose 17 = -5*k + 122. Calculate the remainder when 94 is divided by k.
10
Let f(n) = -230*n + 1660. What is the remainder when 347 is divided by f(7)?
47
Suppose 32*p = 41 + 55. What is the remainder when 20 is divided by p?
2
Let b be 0/((12/3)/((-8)/(-4))). Suppose 5*g - 50 = 3*a, -3*g + b*g = -5*a - 14. What is the remainder when 75 is divided by g?
10
Let t(m) be the third derivative of -m**5/60 + 11*m**4/24 - 5*m**3/6 + 4*m**2. Suppose 0 = -0*d - 5*d + 50. Calculate the remainder when 13 is divided by t(d).
3
Let q(z) be the second derivative of z**4/12 + z**3/6 + 7*z**2/2 - z. Calculate the remainder when q(-8) is divided by 56*4/(15 + (-8 - 0)).
31
Let g = 499 - 479. Calculate the remainder when (21/12)/(1/44) is divided by g.
17
Let a = -52 - -94. Calculate the remainder when (1 - a/(-8))*(5 + -1) is divided by 9.
7
Let d = 307 + -435. Let t = 167 + d. Calculate the remainder when t is divided by 22.
17
Let s(f) = f**2 - 7*f + 150. Let o be s(0). Let v = o - 148. Suppose 3*k + 5 = 11. Calculate the remainder when k is divided by v.
0
Let q(h) = 2*h**3 - 3*h**2 - h - 29. Let k be q(7). Suppose s - 5*a = 3*s - 241, -4*s - 3*a + k = 0. Calculate the remainder when s is divided by 22.
18
Suppose -952 = 94*r - 122*r. What is the remainder when 2685 is divided by r?
33
Let d(l) be the first derivative of -l**2/2 - 3*l + 1. Let t be d(-10). What is the remainder when 60 is divided by t*(-3)/(-3 + 2)?
18
Suppose -2*n + 16*j = -51 - 91, -j + 17 = n. Let q = -28 - -140. What is the remainder when q is divided by n?
20
Suppose -27*j - 1271 + 3107 = 0. What is the remainder when 813 is divided by j?
65
Suppose -5*m = 20 + 5, -2*m = -5*v + 45. Let a(c) = -78*c. Let n be a(-1). Suppose n = -v*q